the thousands digit of 5292365?
2
What is the hundred thousands digit of 495915?
4
What is the thousands digit of 80845?
0
What is the hundreds digit of 211666?
6
What is the units digit of 439683?
3
What is the hundreds digit of 7798550?
5
What is the units digit of 9410365?
5
What is the ten thousands digit of 131394?
3
What is the ten thousands digit of 27272519?
7
What is the tens digit of 912521?
2
What is the hundreds digit of 195710?
7
What is the thousands digit of 128318?
8
What is the millions digit of 3470446?
3
What is the units digit of 54769?
9
What is the tens digit of 6656077?
7
What is the hundreds digit of 4992667?
6
What is the hundreds digit of 456494?
4
What is the ten thousands digit of 2736456?
3
What is the hundred thousands digit of 1263706?
2
What is the hundreds digit of 9500063?
0
What is the hundred thousands digit of 5741142?
7
What is the thousands digit of 13007901?
7
What is the hundred thousands digit of 27371739?
3
What is the tens digit of 12490341?
4
What is the tens digit of 19915124?
2
What is the thousands digit of 2837323?
7
What is the units digit of 2282381?
1
What is the thousands digit of 295358?
5
What is the ten thousands digit of 3889729?
8
What is the thousands digit of 60092?
0
What is the hundred thousands digit of 6101863?
1
What is the hundreds digit of 1237157?
1
What is the hundred thousands digit of 2562326?
5
What is the hundred thousands digit of 830227?
8
What is the hundreds digit of 2277439?
4
What is the tens digit of 13786684?
8
What is the units digit of 243001?
1
What is the hundreds digit of 16655?
6
What is the tens digit of 948373?
7
What is the millions digit of 15176645?
5
What is the tens digit of 164304?
0
What is the thousands digit of 4920133?
0
What is the tens digit of 199069?
6
What is the millions digit of 3875526?
3
What is the millions digit of 10845400?
0
What is the tens digit of 17803?
0
What is the tens digit of 505030?
3
What is the units digit of 1999239?
9
What is the thousands digit of 5193650?
3
What is the ten thousands digit of 1968377?
6
What is the tens digit of 265308?
0
What is the tens digit of 643254?
5
What is the hundreds digit of 3356582?
5
What is the thousands digit of 8900038?
0
What is the units digit of 1557685?
5
What is the millions digit of 12380851?
2
What is the millions digit of 2241389?
2
What is the hundreds digit of 288834?
8
What is the ten thousands digit of 3740647?
4
What is the millions digit of 7343268?
7
What is the ten thousands digit of 569905?
6
What is the units digit of 330408?
8
What is the ten thousands digit of 196456?
9
What is the tens digit of 5655529?
2
What is the tens digit of 4038588?
8
What is the millions digit of 13101293?
3
What is the ten thousands digit of 485865?
8
What is the tens digit of 1021973?
7
What is the units digit of 4471497?
7
What is the millions digit of 1424621?
1
What is the tens digit of 403669?
6
What is the hundred thousands digit of 2654230?
6
What is the thousands digit of 265723?
5
What is the hundreds digit of 446921?
9
What is the units digit of 981867?
7
What is the units digit of 1728696?
6
What is the tens digit of 770680?
8
What is the tens digit of 2565005?
0
What is the units digit of 6575165?
5
What is the units digit of 590611?
1
What is the hundred thousands digit of 4233629?
2
What is the millions digit of 6494943?
6
What is the units digit of 13082179?
9
What is the hundred thousands digit of 21721728?
7
What is the hundred thousands digit of 7798348?
7
What is the tens digit of 16789166?
6
What is the hundred thousands digit of 166070?
1
What is the tens digit of 4853227?
2
What is the hundreds digit of 4258485?
4
What is the units digit of 4074071?
1
What is the ten thousands digit of 1230686?
3
What is the units digit of 372802?
2
What is the hundred thousands digit of 2502040?
5
What is the hundreds digit of 5548260?
2
What is the hundreds digit of 20063549?
5
What is the thousands digit of 6726053?
6
What is the millions digit of 1897143?
1
What is the tens digit of 14521408?
0
What is the tens digit of 136171?
7
What is the tens digit of 47294?
9
What is the thousands digit of 15142357?
2
What is the thousands digit of 2946054?
6
What is the tens digit of 2392757?
5
What is the millions digit of 3008999?
3
What is the millions digit of 5800253?
5
What is the hundreds digit of 638233?
2
What is the hundred thousands digit of 225153?
2
What is the ten thousands digit of 715887?
1
What is the tens digit of 39347?
4
What is the hundreds digit of 150569?
5
What is the hundreds digit of 6858397?
3
What is the hundred thousands digit of 593275?
5
What is the units digit of 3747375?
5
What is the millions digit of 3070934?
3
What is the tens digit of 584816?
1
What is the hundred thousands digit of 932957?
9
What is the thousands digit of 7172?
7
What is the thousands digit of 480227?
0
What is the hundred thousands digit of 318208?
3
What is the thousands digit of 2428725?
8
What is the hundreds digit of 25902?
9
What is the tens digit of 20471224?
2
What is the thousands digit of 462505?
2
What is the millions digit of 11698024?
1
What is the ten thousands digit of 2869243?
6
What is the hundreds digit of 1663154?
1
What is the hundreds digit of 1644182?
1
What is the thousands digit of 7754353?
4
What is the hundreds digit of 1412584?
5
What is the tens digit of 14970722?
2
What is the hundred thousands digit of 961545?
9
What is the hundreds digit of 125743?
7
What is the hundreds digit of 8420848?
8
What is the units digit of 9202816?
6
What is the thousands digit of 1406150?
6
What is the units digit of 3131421?
1
What is the tens digit of 264008?
0
What is the millions digit of 5297117?
5
What is the hundred thousands digit of 1446996?
4
What is the ten millions digit of 19222913?
1
What is the ten thousands digit of 575156?
7
What is the thousands digit of 8081775?
1
What is the thousands digit of 996825?
6
What is the units digit of 19169758?
8
What is the ten thousands digit of 5634055?
3
What is the thousands digit of 5411324?
1
What is the millions digit of 22019249?
2
What is the hundred thousands digit of 234214?
2
What is the hundreds digit of 851717?
7
What is the millions digit of 1714410?
1
What is the ten thousands digit of 23674276?
7
What is the hundreds digit of 20126178?
1
What is the tens digit of 1456939?
3
What is the ten millions digit of 17503470?
1
What is the millions digit of 1871854?
1
What is the hundreds digit of 335542?
5
What is the hundreds digit of 33513?
5
What is the ten thousands digit of 7103945?
0
What is the units digit of 7689625?
5
What is the ten thousands digit of 92121?
9
What is the hundred thousands digit of 22856211?
8
What is the ten thousands digit of 3335473?
3
What is the hundreds digit of 1273748?
7
What is the units digit of 545534?
4
What is the tens digit of 30621150?
5
What is the millions digit of 5310244?
5
What is the units digit of 771380?
0
What is the hundreds digit of 426150?
1
What is the hundred thousands digit of 853785?
8
What is the units digit of 71301?
1
What is the units digit of 3800723?
3
What is the units digit of 41600900?
0
What is the hundred thousands digit of 933562?
9
What is the tens digit of 57312?
1
What is the hundreds digit of 96928?
9
What is the units digit of 35490?
0
What is the tens digit of 381882?
8
What is the units digit of 29184349?
9
What is the thousands digit of 209776?
9
What is the units digit of 13291232?
2
What is the units digit of 12125544?
4
What is the thousands digit of 1272038?
2
What is the ten millions digit of 30704263?
3
What is the hundred thousands digit of 731910?
7
What is the millions digit of 1049206?
1
What is the millions digit of 12037337?
2
What is the tens digit of 920986?
8
What is the units digit of 1384749?
9
What is the units digit of 21417714?
4
What is the hundreds digit of 200117?
1
What is the tens digit of 579815?
1
What is the thousands digit of 1264608?
4
What is the units digit of 350799?
9
What is the thousands digit of 11834?
1
What is the thousands digit of 233823?
3
What is the hundreds digit of 614974?
9
What is the hundred thousands digit of 746928?
7
What is the hundreds digit of 94143?
1
What is the hundreds digit of 233